{"id":18682,"date":"2023-12-02T23:43:40","date_gmt":"2023-12-02T22:43:40","guid":{"rendered":"https:\/\/wakage.de\/?page_id=18682"},"modified":"2023-12-04T11:16:44","modified_gmt":"2023-12-04T10:16:44","slug":"ollii","status":"publish","type":"page","link":"https:\/\/wakage.de\/index.php\/ollii\/","title":{"rendered":"Olli I. \u201eder Fu\u00dfballnarr vom Habaka\u201c"},"content":{"rendered":"<p>[vc_row row_type=&#8220;row&#8220; use_row_as_full_screen_section=&#8220;no&#8220; type=&#8220;full_width&#8220; angled_section=&#8220;no&#8220; text_align=&#8220;left&#8220; background_image_as_pattern=&#8220;without_pattern&#8220; css_animation=&#8220;&#8220;][vc_column][vc_separator type=&#8220;transparent&#8220; up=&#8220;15&#8243; down=&#8220;0&#8243;][vc_single_image image=&#8220;18707&#8243; img_size=&#8220;600&#215;392&#8243; alignment=&#8220;center&#8220; qode_css_animation=&#8220;&#8220; title=&#8220;Frank I., \u201edas Sangesoriginal vom Josephs-Hospital\u201c&#8220;][vc_separator type=&#8220;transparent&#8220; up=&#8220;15&#8243; down=&#8220;0&#8243;]<div class=\"custom_font_holder\" style=\" font-size: 35px; line-height: 26px; font-style: normal; font-weight: 300; color: #ffffff; text-decoration: none; text-align: center;\"><\/p>\n<p style=\"text-align: justify;\"><span style=\"font-family: georgia, palatino, serif; font-size: 12pt;\">Das Warten hat ein Ende: Olli I., \u201eder Fu\u00dfballnarr vom Habaka\u201c, regiert das Narrenvolk in Warendorf. Jahrelang schon war der begeisterte Karnevalist als brandhei\u00dfer Kandidat f\u00fcr das Prinzenamt der WaKaGe gehandelt worden, am Samstagabend dann zog er tats\u00e4chlich als neue Tollit\u00e4t in die Narrhalla ein. Seiner Proklamation waren ein mitrei\u00dfender Wakalopp und ein ebenso mitrei\u00dfender Galaabend in der Springhalle des DOKR vorausgegangen. Neben den WaKaGe-Balletts und anderen Akteuren aus den Reihen der Gesellschaft hatten dort der Comedian Dave Davis, der Artist TJ Wheels und die K\u00f6lner Band R\u00c4UBER den G\u00e4sten eingeheizt. <\/span><\/p>\n<p style=\"text-align: justify;\"><span style=\"font-family: georgia, palatino, serif; font-size: 12pt;\"><img decoding=\"async\" loading=\"lazy\" class=\"size-medium wp-image-18708 alignright\" src=\"http:\/\/wakage.de\/wp-content\/uploads\/2023\/12\/WaKaGe_Bilder-Kaup_2024_Olli_1-5-216x300.jpg\" alt=\"\" width=\"216\" height=\"300\" srcset=\"https:\/\/wakage.de\/wp-content\/uploads\/2023\/12\/WaKaGe_Bilder-Kaup_2024_Olli_1-5-216x300.jpg 216w, https:\/\/wakage.de\/wp-content\/uploads\/2023\/12\/WaKaGe_Bilder-Kaup_2024_Olli_1-5-737x1024.jpg 737w, https:\/\/wakage.de\/wp-content\/uploads\/2023\/12\/WaKaGe_Bilder-Kaup_2024_Olli_1-5-768x1067.jpg 768w, https:\/\/wakage.de\/wp-content\/uploads\/2023\/12\/WaKaGe_Bilder-Kaup_2024_Olli_1-5-1106x1536.jpg 1106w, https:\/\/wakage.de\/wp-content\/uploads\/2023\/12\/WaKaGe_Bilder-Kaup_2024_Olli_1-5-1475x2048.jpg 1475w, https:\/\/wakage.de\/wp-content\/uploads\/2023\/12\/WaKaGe_Bilder-Kaup_2024_Olli_1-5-700x972.jpg 700w, https:\/\/wakage.de\/wp-content\/uploads\/2023\/12\/WaKaGe_Bilder-Kaup_2024_Olli_1-5.jpg 1764w\" sizes=\"(max-width: 216px) 100vw, 216px\" \/>Dass Oliver Greiser seine Erf\u00fcllung im Karneval finden w\u00fcrde, ist mit dem Tag seiner Geburt besieget worden. Am 11.11.1967 erblickte der Betriebsschlosser in M\u00fcnster das Licht der Welt, wuchs in M\u00fcssingen auf und lebt seit 1992 in Warendorf. Vor 22 Jahren lernte er seine Frau Anne kennen, genauer gesagt am 9.9., und f\u00fchrte sie 2007 vor den Traualtar. Seit Ende der 1990er-Jahre ist der Bayern-M\u00fcnchen-Anh\u00e4nger aktiv im Habaka \u2013 und das, ohne jemals Handball gespielt zu haben. Ein kurzer Ausflug in den Sport in jungen Jahren in M\u00fcssingen brach er nach sage und schreibe zehn Minuten ab: Der gro\u00df gewachsene Kerl in dem mickrigen Tor, die flinken kleinen B\u00e4lle, das alles war nichts f\u00fcr Olli, der stattdessen lieber dem Fu\u00dfball treu blieb. Seine aktive Laufbahn hat er allerdings l\u00e4ngst beendet. Zuletzt engagierte er sich bei der WSU im Nachwuchsbereich.<\/span><\/p>\n<p>&nbsp;<\/p>\n<p style=\"text-align: justify;\"><span style=\"font-family: georgia, palatino, serif; font-size: 12pt;\">Mit seiner Frau Anne, die aus Ennigerloh stammt, und dem gemeinsamen 17-j\u00e4hrigen Sohn Titus wohnt Olli I. am Romadourweg im Warendorfer Norden. Sein prinzliches Hauptquartier indes steht an der Freckenhorster Stra\u00dfe. Ex-Prinz \u00d6mpe I. stellt daf\u00fcr die \u201eSonne\u201c zur Verf\u00fcgung. Die beiden verbindet eine lange Freundschaft, und sie geh\u00f6ren beide dem Kegelclub \u201eDie vollgepumpten Jungs\u201c an. Zweite ehemalige Tollit\u00e4t in der Truppe ist \u00fcbrigens Peter \u201eB\u00f6mmel\u201c B\u00f6hm. Damit der Vereinsmeierei nicht genug: Kaum ein Sch\u00fctzenverein in Warendorf, dem Olli nicht angeh\u00f6rt. Abgesehen davon ist der Prinz im Betriebsrat seines Arbeitgebers Armacell am Standort M\u00fcnster und in der IG Metall vertreten.<\/span><\/p>\n<p><\/div>[vc_separator type=&#8220;transparent&#8220; up=&#8220;15&#8243; down=&#8220;0&#8243;][\/vc_column][\/vc_row]<\/p>\n","protected":false},"excerpt":{"rendered":"<p>[vc_row row_type=&#8220;row&#8220; use_row_as_full_screen_section=&#8220;no&#8220; type=&#8220;full_width&#8220; angled_section=&#8220;no&#8220; text_align=&#8220;left&#8220; background_image_as_pattern=&#8220;without_pattern&#8220; css_animation=&#8220;&#8220;][vc_column][vc_separator type=&#8220;transparent&#8220; up=&#8220;15&#8243; down=&#8220;0&#8243;][vc_single_image image=&#8220;18707&#8243; img_size=&#8220;600&#215;392&#8243; alignment=&#8220;center&#8220; qode_css_animation=&#8220;&#8220; title=&#8220;Frank I., \u201edas Sangesoriginal vom Josephs-Hospital\u201c&#8220;][vc_separator type=&#8220;transparent&#8220; up=&#8220;15&#8243; down=&#8220;0&#8243;][vc_separator type=&#8220;transparent&#8220; up=&#8220;15&#8243; down=&#8220;0&#8243;][\/vc_column][\/vc_row]<\/p>\n","protected":false},"author":1,"featured_media":0,"parent":0,"menu_order":0,"comment_status":"closed","ping_status":"closed","template":"","meta":{"footnotes":""},"_links":{"self":[{"href":"https:\/\/wakage.de\/index.php\/wp-json\/wp\/v2\/pages\/18682"}],"collection":[{"href":"https:\/\/wakage.de\/index.php\/wp-json\/wp\/v2\/pages"}],"about":[{"href":"https:\/\/wakage.de\/index.php\/wp-json\/wp\/v2\/types\/page"}],"author":[{"embeddable":true,"href":"https:\/\/wakage.de\/index.php\/wp-json\/wp\/v2\/users\/1"}],"replies":[{"embeddable":true,"href":"https:\/\/wakage.de\/index.php\/wp-json\/wp\/v2\/comments?post=18682"}],"version-history":[{"count":6,"href":"https:\/\/wakage.de\/index.php\/wp-json\/wp\/v2\/pages\/18682\/revisions"}],"predecessor-version":[{"id":18710,"href":"https:\/\/wakage.de\/index.php\/wp-json\/wp\/v2\/pages\/18682\/revisions\/18710"}],"wp:attachment":[{"href":"https:\/\/wakage.de\/index.php\/wp-json\/wp\/v2\/media?parent=18682"}],"curies":[{"name":"wp","href":"https:\/\/api.w.org\/{rel}","templated":true}]}}

Olli I. „der Fußballnarr vom Habaka“

<p>[vc_row row_type=&#8220;row&#8220; use_row_as_full_screen_section=&#8220;no&#8220; type=&#8220;full_width&#8220; angled_section=&#8220;no&#8220; text_align=&#8220;left&#8220; background_image_as_pattern=&#8220;without_pattern&#8220; css_animation=&#8220;&#8220;][vc_column][vc_separator type=&#8220;transparent&#8220; up=&#8220;15&#8243; down=&#8220;0&#8243;][vc_single_image image=&#8220;18707&#8243; img_size=&#8220;600&#215;392&#8243; alignment=&#8220;center&#8220; qode_css_animation=&#8220;&#8220; title=&#8220;Frank I., „das Sangesoriginal vom Josephs-Hospital“&#8220;][vc_separator type=&#8220;transparent&#8220; up=&#8220;15&#8243; down=&#8220;0&#8243;]<div class="custom_font_holder" style=" font-size: 35px; line-height: 26px; font-style: normal; font-weight: 300; color: #ffffff; text-decoration: none; text-align: center;"></p>
<p style="text-align: justify;"><span style="font-family: georgia, palatino, serif; font-size: 12pt;">Das Warten hat ein Ende: Olli I., „der Fußballnarr vom Habaka“, regiert das Narrenvolk in Warendorf. Jahrelang schon war der begeisterte Karnevalist als brandheißer Kandidat für das Prinzenamt der WaKaGe gehandelt worden, am Samstagabend dann zog er tatsächlich als neue Tollität in die Narrhalla ein. Seiner Proklamation waren ein mitreißender Wakalopp und ein ebenso mitreißender Galaabend in der Springhalle des DOKR vorausgegangen. Neben den WaKaGe-Balletts und anderen Akteuren aus den Reihen der Gesellschaft hatten dort der Comedian Dave Davis, der Artist TJ Wheels und die Kölner Band RÄUBER den Gästen eingeheizt. </span></p>
<p style="text-align: justify;"><span style="font-family: georgia, palatino, serif; font-size: 12pt;"><img decoding="async" loading="lazy" class="size-medium wp-image-18708 alignright" src="http://wakage.de/wp-content/uploads/2023/12/WaKaGe_Bilder-Kaup_2024_Olli_1-5-216x300.jpg" alt="" width="216" height="300" srcset="https://wakage.de/wp-content/uploads/2023/12/WaKaGe_Bilder-Kaup_2024_Olli_1-5-216x300.jpg 216w, https://wakage.de/wp-content/uploads/2023/12/WaKaGe_Bilder-Kaup_2024_Olli_1-5-737x1024.jpg 737w, https://wakage.de/wp-content/uploads/2023/12/WaKaGe_Bilder-Kaup_2024_Olli_1-5-768x1067.jpg 768w, https://wakage.de/wp-content/uploads/2023/12/WaKaGe_Bilder-Kaup_2024_Olli_1-5-1106x1536.jpg 1106w, https://wakage.de/wp-content/uploads/2023/12/WaKaGe_Bilder-Kaup_2024_Olli_1-5-1475x2048.jpg 1475w, https://wakage.de/wp-content/uploads/2023/12/WaKaGe_Bilder-Kaup_2024_Olli_1-5-700x972.jpg 700w, https://wakage.de/wp-content/uploads/2023/12/WaKaGe_Bilder-Kaup_2024_Olli_1-5.jpg 1764w" sizes="(max-width: 216px) 100vw, 216px" />Dass Oliver Greiser seine Erfüllung im Karneval finden würde, ist mit dem Tag seiner Geburt besieget worden. Am 11.11.1967 erblickte der Betriebsschlosser in Münster das Licht der Welt, wuchs in Müssingen auf und lebt seit 1992 in Warendorf. Vor 22 Jahren lernte er seine Frau Anne kennen, genauer gesagt am 9.9., und führte sie 2007 vor den Traualtar. Seit Ende der 1990er-Jahre ist der Bayern-München-Anhänger aktiv im Habaka – und das, ohne jemals Handball gespielt zu haben. Ein kurzer Ausflug in den Sport in jungen Jahren in Müssingen brach er nach sage und schreibe zehn Minuten ab: Der groß gewachsene Kerl in dem mickrigen Tor, die flinken kleinen Bälle, das alles war nichts für Olli, der stattdessen lieber dem Fußball treu blieb. Seine aktive Laufbahn hat er allerdings längst beendet. Zuletzt engagierte er sich bei der WSU im Nachwuchsbereich.</span></p>
<p>&nbsp;</p>
<p style="text-align: justify;"><span style="font-family: georgia, palatino, serif; font-size: 12pt;">Mit seiner Frau Anne, die aus Ennigerloh stammt, und dem gemeinsamen 17-jährigen Sohn Titus wohnt Olli I. am Romadourweg im Warendorfer Norden. Sein prinzliches Hauptquartier indes steht an der Freckenhorster Straße. Ex-Prinz Ömpe I. stellt dafür die „Sonne“ zur Verfügung. Die beiden verbindet eine lange Freundschaft, und sie gehören beide dem Kegelclub „Die vollgepumpten Jungs“ an. Zweite ehemalige Tollität in der Truppe ist übrigens Peter „Bömmel“ Böhm. Damit der Vereinsmeierei nicht genug: Kaum ein Schützenverein in Warendorf, dem Olli nicht angehört. Abgesehen davon ist der Prinz im Betriebsrat seines Arbeitgebers Armacell am Standort Münster und in der IG Metall vertreten.</span></p>
<p></div>[vc_separator type=&#8220;transparent&#8220; up=&#8220;15&#8243; down=&#8220;0&#8243;][/vc_column][/vc_row]</p>
